rt -2c95c0 (base 13) to base 16.
-10e0ac
Convert 83678c (base 14) to base 7.
52463235
-111100001200110 (base 3) to base 14
-d26a9d
-10ac1 (base 15) to base 16
-cf40
Convert 92905 (base 11) to base 4.
201011211
What is d63d3 (base 15) in base 4?
2211311100
Convert 6d332 (base 16) to base 12.
196a16
166015406 (base 7) to base 11
6498239
Convert 422302103 (base 6) to base 7.
116601033
653b50 (base 15) to base 8
22312042
Convert -5244071 (base 8) to base 11.
-872990
Convert -35434024 (base 6) to base 11.
-6981a6
Convert -1110110001 (base 2) to base 7.
-2520
-1384a (base 11) to base 9
-28860
1352513 (base 6) to base 9
126660
What is 443044003 (base 5) in base 15?
280503
-126512 (base 8) to base 14
-1224a
Convert -516710 (base 8) to base 3.
-22201012112
7ddc6a (base 14) to base 2
10000011010010111010110
2463422 (base 7) to base 8
1155335
-43ac4 (base 15) to base 2
-110100100000010011
Convert 134127 (base 8) to base 2.
1011100001010111
-2332323120 (base 4) to base 16
-beed8
-165874 (base 16) to base 15
-1ddd91
Convert 121331223020 (base 4) to base 11.
392967a
Convert 136425303 (base 7) to base 16.
898fb3
Convert 872664 (base 14) to base 7.
53625454
Convert 21120031 (base 5) to base 9.
287711
Convert -1259a1 (base 11) to base 12.
-96838
What is c2b4c (base 16) in base 10?
797516
-131323 (base 9) to base 11
-54998
What is 72c4a (base 14) in base 3?
112001201112
Convert 50153444 (base 6) to base 15.
1ce2c1
-436c3 (base 13) to base 12
-5a734
-713a76 (base 13) to base 2
-1010000011100011010110
Convert 2022210100020 (base 3) to base 12.
4b7280
Convert 11303232 (base 4) to base 10.
23790
Convert -494203 (base 10) to base 8.
-1705173
Convert -b03a68 (base 16) to base 8.
-54035150
Convert 4a22a9 (base 11) to base 12.
323345
What is 7429a55 (base 11) in base 14?
1a497b0
What is 135341422 (base 6) in base 15?
39e295
Convert -442651 (base 9) to base 8.
-1004356
Convert 67dc9 (base 16) to base 6.
13041305
What is 10022122021 (base 3) in base 16?
ff43
What is -165aa9 (base 12) in base 9?
-644003
What is 304636 (base 7) in base 13?
1a94a
100110111101111101 (base 2) to base 11
a9a13
What is 1c97 (base 14) in base 12?
3039
Convert 110011011011010100000 (base 2) to base 9.
3147531
What is -1323302312 (base 4) in base 14?
-d2b0a
Convert -120210220110 (base 3) to base 9.
-523813
-15997 (base 10) to base 13
-7387
What is -31120320 (base 5) in base 9?
-427043
What is 771732 (base 9) in base 12?
1a266b
16945012 (base 10) to base 2
1000000101000111101110100
What is 1663620 (base 8) in base 3?
220122122202
15475b (base 12) to base 15
71c38
Convert a760b (base 14) to base 10.
404555
Convert 8770a4 (base 11) to base 4.
11111320012
Convert -1221012310 (base 4) to base 3.
-210212120001
Convert 41bb (base 16) to base 9.
25066
8066661 (base 10) to base 6
444521353
Convert -44243 (base 9) to base 4.
-13022301
What is 9c9b37 (base 13) in base 15?
4d314c
-55213052 (base 6) to base 14
-30d6c0
What is 5886291 (base 10) in base 9?
12061423
Convert -3919a (base 16) to base 7.
-1662605
83750 (base 11) to base 2
11101110010100111
What is 22102000021210 (base 3) in base 15?
5d3dd6
-593435 (base 12) to base 7
-15132203
166ed (base 16) to base 6
1545221
11172a (base 11) to base 8
533356
-1024023033 (base 6) to base 3
-202101002110210
Convert 430553521 (base 6) to base 11.
4324398
Convert -10101111001001101010 (base 2) to base 3.
-1100110010001
Convert -c70337 (base 16) to base 5.
-11314324422
What is -11012100300 (base 4) in base 7?
-14234055
95c8 (base 13) to base 14
7806
What is -10111001110001010 (base 2) in base 3?
-11211110202
Convert -76578 (base 10) to base 12.
-38396
Convert -1000000000001111101010100 (base 2) to base 13.
-36290c0
Convert -4a69 (base 11) to base 3.
-100001210
What is 2534311 (base 6) in base 13?
4a500
994912 (base 11) to base 9
2878760
13d72a8 (base 15) to base 14
1c97dd2
Convert -131131112 (base 4) to base 16.
-1d756
Convert 765536 (base 8) to base 12.
104792
Convert -100002202 (base 4) to base 10.
-65698
What is -6220906 (base 10) in base 7?
-103606516
What is 2d2dc (base 15) in base 8?
434566
Convert 212110000221 (base 3) to base 9.
773027
What is 116587 (base 13) in base 7?
3342655
What is 210200021101222 (base 3) in base 4?
223330133102
30002440 (base 5) to base 4
321103321
-5472020 (base 9) to base 10
-2940804
-100020222221200 (base 3) to base 8
-22612612
-218274 (base 12) to base 10
-532600
What is -2be182 (base 15) in base 8?
-10062726
105244 (base 7) to base 5
1044102
Convert 13130313013 (base 4) to base 14.
38bb5d
What is 3030660 (base 7) in base 8?
1300046
What is 10010111000101100110 (base 2) in base 12?
25a172
What is -12012022212 (base 3) in base 4?
-120332123
-120201022 (base 4) to base 8
-304112
Convert 103a784 (base 11) to base 16.
1beb65
Convert -450523 (base 10) to base 6.
-13353431
2787a (base 14) to base 9
158033
-98212 (base 11) to base 15
-2c417
What is 54b6dc (base 15) in base 12?
1428a09
-382d19 (base 16) to base 11
-2095014
What is -34103100 (base 5) in base 13?
-a6969
What is -20012211000220 (base 3) in base 4?
-30212123103
-1211122300 (base 4) to base 14
-ab560
What is 294009 (base 11) in base 6?
13501540
1343323013 (base 5) to base 14
66db83
-1002512000 (base 6) to base 13
-2166c9c
-2a65b9 (base 14) to base 5
-334234130
Convert 4318053 (base 12) to base 15.
11b55c0
524c (base 16) to base 8
51114
Convert -10110111111101110001101 (base 2) to base 16.
-5bfb8d
What is -101000111100111000000 (base 2) in base 8?
-5074700
-122226 (base 12) to base 7
-2333241
Convert 1548287 (base 11) to base 9.
4873115
-3c9aa0 (base 13) to base 11
-91a662
Convert 6206135 (base 7) to base 3.
1101200100012
Convert 6d5a70 (base 16) to base 6.
413334332
Convert 84168 (base 10) to base 14.
22960
Convert 16552440 (base 7) to base 4.
12031010103
What is 144322424 (base 5) in base 6?
24351234
What is -162a88 (base 14) in base 6?
-24344024
-323121332 (base 5) to base 3
-2121002110000
-5613252 (base 7) to base 13
-1b336c
What is 303030132 (base 4) in base 12?
a1426
Convert 3b270 (base 13) to base 16.
1aec7
-176785 (base 9) to base 12
-537a2
-14612060 (base 9) to base 4
-123233022330
2085c (base 13) to base 2
1110010010110111
What is 2b9c7 (base 16) in base 9?
302028
22222121212221 (base 3) to base 16
48deac
5054650 (base 7) to base 4
2102331133
-101111111110001111 (base 2) to base 4
-233332033
What is -3411413 (base 6) in base 5?
-21011422
-745814 (base 13) to base 14
-50d453
What is -13113546 (base 10) in base 13?
-2941ac4
What is -10048b3 (base 13) in base 10?
-4837095
What is -23210022320 (base 4) in base 11?
-1790874
What is 135281 (base 10) in base 14?
3742d
Convert 2b712 (base 12) to base 7.
344210
What is -21988 (base 16) in base 13?
-4a833
What is 12201220210111 (base 3) in base 6?
145204534
What is -15546003 (base 8) in base 12?
-1252283
Convert 330000020111 (base 4) to base 12.
5326645
What is -1010001011011011001100 (base 2) in base 15?
-37a8c6
Convert 1947d1 (base 14) to base 7.
10421351
Convert 200002001001 (base 3) to base 11.
223337
What is -d5b5a (base 15) in base 9?
-1242384
101101100110001111 (base 2) to base 5
21434032
Convert -25300233 (base 6) to base 12.
-334679
Convert -367434 (base 10) to base 4.
-1121231022
-5133420 (base 7) to base 8
-2256166
2122101101020 (base 3) to base 16
157083
Convert 123333011 (base 4) to base 10.
114629
1110220101111 (base 3) to base 16
bfc08
-b66b0 (base 12) to base 14
-633a4
3140245 (base 6) to base 15
3051e
-12203002212 (base 4) to base 15
-23d860
-3555127 (base 8) to base 2
-11101101101001010111
What is -d6457 (base 14) in base 6?
-15024141
What is -75bd7 (base 15) in base 6?
-12003051
Convert 2403616 (base 11) to base 12.
14a1b66
160503 (base 7) to base 3
1121011020
What is -a9374 (base 13) in base 8?
-1125501
What is -9852a (base 11) in base 13?
-50162
What is -2103230300 (base 5) in base 15?
-5ae700
-213313231 (base 5) to base 11
-5767a6
Convert 10202313 (base 5) to base 12.
41030
What is 20244204 (base 6) in base 10?
581548
What is -4a4c71 (base 13) in base 15?
-252d95
2122812 (base 13) to base 15
d43e99
What is 3444 (base 5) in base 16?
1f3
Convert -4033543 (base 6) to base 4.
-232232013
-164364 (base 10) to base 3
-22100110120
What is 50c4 (base 16) in base 6?
235420
100001001010111111 (base 2) to base 13
49